(-11). Let g = b - l. What is the units digit of g?
3
Let l = -44 + 47. Suppose -o + 14 = -2*f, 0*o + 36 = 4*o - 4*f. Suppose -l*s = -s - o. What is the units digit of s?
2
Let u(c) = -c - 2 - c**2 + 6 + 5. What is the units digit of u(0)?
9
Let j be ((-108)/60)/((-6)/40). Let i = 14 - j. What is the units digit of i?
2
Let y(j) be the second derivative of j**3/3 - 2*j**2 - 3*j. What is the units digit of y(5)?
6
Suppose -b + 2*h + 5 + 8 = 0, -32 = -5*b - h. Suppose 2*o = -1 + b. Suppose -5*f - o*l + 57 = 0, 0 = -4*f + 4*l + 7 + 13. What is the units digit of f?
9
Let n = 324 + 564. Let r be n/21 + (-2)/7. Suppose -4*m + r = 5*f, -2*f = 2*f + 2*m - 30. What is the units digit of f?
6
Suppose 2*l + l - 12 = 0. Suppose 0 = l*d + 3*v - 14, 4*v = -2 - 6. Suppose 0 = -d*u + 30 + 20. What is the units digit of u?
0
Suppose 8 = 3*a - v, -3*a + 5*a + 2*v = 0. Suppose t - a*z + 217 = 4*t, -3*t + z = -229. What is the units digit of 4/(-5)*t/(-10)?
6
Let g be 0*(-1 + 0 - 0). Suppose g = y - 0 - 8. What is the units digit of y?
8
Suppose 3*i = 23 - 5. Suppose m - 4*d = 3, m - 2*d + 7*d + 6 = 0. What is the units digit of (-1)/m - -1*i?
7
Suppose 0*a = 2*a - 2*k + 14, 5*k - 31 = 3*a. Let w = a - -14. What is the tens digit of w?
1
Suppose 3*u - 67 = 2. What is the tens digit of u?
2
Let f(y) = 2*y**2 + 2*y - 2. Let m be f(-2). Suppose -i - x = -15, -m*i = 2*i - 2*x - 30. What is the units digit of i?
0
Let u(b) = 14*b**2 + 7*b - 3. What is the tens digit of u(-3)?
0
Suppose 2*v + 46 = -14. Let c be (9/6 - 2)*v. Let d = c + -9. What is the units digit of d?
6
Let h be 6/3 - -3 - 2. Suppose y - 2*d = -4, -h*y = d + 2*d + 48. What is the units digit of y/(-15)*(2 - -8)?
8
Let x(l) = -2*l + 13. Let m be x(9). Let g(p) = 2*p**2 + 7*p. What is the tens digit of g(m)?
1
Let m(a) = 2*a**3 + 3*a**2 - 8*a + 3. What is the tens digit of m(3)?
6
Let k(i) = -94*i + 17. What is the hundreds digit of k(-2)?
2
Let w(j) = 5*j**3 + j**2 - j. What is the tens digit of w(3)?
4
Suppose -2*y = 4*n - 22, 4*y - 25 = -y. Suppose -11 = -n*z + 7. What is the units digit of z?
6
Let g = -25 + 52. What is the tens digit of g?
2
Let w be (-44)/3*3/(-2). Let v = 3 + w. Suppose -3*x - f + v = 9, -2*x = -3*f - 18. What is the units digit of x?
6
Suppose 2*j - 24 = j. Suppose 4*w + 4*r - 32 = 0, 2*r = -w - 3*r + j. What is the units digit of 1 - 0 - w/(-1)?
5
Let l = 153 + -29. What is the tens digit of l?
2
Suppose -2*r + 252 = 2*r. What is the units digit of r?
3
Let l(y) = y**2 + y + 3. What is the units digit of l(4)?
3
Suppose -s - 2*m + 118 = 0, 0 = s - m - 3*m - 100. What is the hundreds digit of s?
1
Let l = -5 + 9. Suppose -l*j - z = j - 53, 3*j = z + 35. What is the tens digit of j?
1
Let p(z) = -z**2 - 15*z - 10. Let g(n) = -n**2 - 6*n - 7. Let m be g(-7). What is the units digit of p(m)?
4
Suppose -7*m + 285 = 68. What is the tens digit of m?
3
Let x(r) = -3*r**2 + r - 1. Let q be x(-2). Let n = 16 + q. What is the units digit of n?
1
Let y = -22 + 63. What is the units digit of y?
1
Let v = -7 + -14. Let d = v + 32. What is the units digit of d?
1
Let p(x) = x - 10. Let k(q) = -3*q + 2*q + 2*q - 9. Let s(r) = 6*k(r) - 7*p(r). What is the tens digit of s(0)?
1
What is the units digit of -1*(-2)/(-6) + (-399)/(-9)?
4
Suppose 0 = 2*c + c - 12. Suppose 3*z = -4*q + 14, -c*q + 3 + 9 = 2*z. Suppose 3*i = -q*i + 50. What is the tens digit of i?
1
What is the units digit of (-3 - (2 - 2)) + 46?
3
Let h(s) be the third derivative of s**8/6720 + s**7/1260 + s**5/20 + 3*s**2. Let r(d) be the third derivative of h(d). What is the tens digit of r(-3)?
1
Let l(f) = -20*f - 1. What is the units digit of l(-1)?
9
What is the units digit of (-9)/36 - 610/(-8)?
6
Let w(g) = g**3 + 7*g**2 - g - 3. Let k be w(-7). Suppose 0 = 2*c - k*i - 40, 2*c + 3*i = i + 16. What is the tens digit of c?
1
Suppose -f - 3*u + 54 = 0, -3*f + 3*u = -6*f + 168. What is the tens digit of f?
5
What is the units digit of -3 + (-4)/2 + 7?
2
Suppose i = 2*b - 3*i + 24, 3*b - 4*i = -28. Let x = -3 - b. What is the units digit of x?
1
Let d(y) = -4*y**3 - y**2 - 3*y - 2. What is the units digit of d(-2)?
2
What is the tens digit of 1*-3*34/(-6)?
1
Suppose z = 2*z - 164. What is the hundreds digit of z?
1
Suppose 2*w - 4*t = -t - 2, 5*w - 3*t - 13 = 0. Suppose 4 = -w*v + 19. Suppose 1 + 14 = 3*p - v*k, -4*p + 3*k + 17 = 0. What is the units digit of p?
2
Let o = 295 - -111. What is the hundreds digit of o?
4
Suppose 3*h = 2*v + 7, -3*v + 6*v - 2*h - 2 = 0. Suppose s - a = -2*a + 30, v*a + 168 = 5*s. What is the units digit of s?
2
Let b(n) = 3*n**3 - n**2 - 3*n + 10. What is the tens digit of b(4)?
7
Suppose 0 = 4*h - 19 - 21. Suppose -h = 5*m - 60. What is the units digit of m?
0
Let k(d) = 20*d + 41. What is the tens digit of k(11)?
6
Let a = -5 - -9. What is the units digit of a?
4
Suppose -4*g + 0*g = -16. Let t be 4 + (2 - g - -2). Suppose 5*j - 47 = -t*c, -5*j - c + 4*c + 61 = 0. What is the units digit of j?
1
Let q(c) = c**2 - c + 1. Let n(h) = 3*h**2 + 5*h - 2. Let t(i) = n(i) + 2*q(i). What is the tens digit of t(-2)?
1
Let h be (-18)/(10/(-4) - -1). Suppose -2*b + h = 2*b, -3*g + 4*b = 9. Suppose -g = -2*i + 3. What is the units digit of i?
2
Let g be 304/(-19)*(-2)/(-4). Suppose -3*j + 0*j - 33 = -5*w, 61 = -4*j + w. What is the tens digit of (-43)/(-2) + g/j?
2
Suppose 5*v = 4*g + 176, -g - 16 = v - 44. What is the units digit of v?
2
Let b(y) be the third derivative of -y**5/60 - y**4/24 + y**3/6 + 4*y**2. What is the units digit of b(0)?
1
Let u = 4 - -4. What is the units digit of u?
8
Let v(j) = -j**2 - 5*j - 2. Let x be v(-4). Let f be (7 + -2)*x/(-2). Let r = -1 - f. What is the units digit of r?
4
Suppose -a + 5 = -f, 5*f - 4*a + 20 = -4. Let j(d) = 2*d**2 + 19*d - 5. Let b be j(-10). Let w = f + b. What is the units digit of w?
1
Let w = 202 - 308. Let s = -52 - w. Suppose 2*m - s = -2*y + 6*y, -5*y - 77 = -3*m. What is the units digit of m?
9
Suppose -3*j = -3*z - 198, -z - 280 = -4*j - 7. What is the units digit of j?
9
Let x(d) = -d + 2. Let o be x(8). Let i be 5/(-10) - o/(-4). What is the units digit of (27/6)/((-1)/i)?
9
Let u = -32 + 53. Suppose 13 = -4*v + q, -2*v - v - 3*q = u. Let p = 0 - v. What is the units digit of p?
4
Suppose 0 = -3*o + 9, 3*o = b - 2*o. Suppose -2*h = h - b. What is the units digit of h?
5
What is the units digit of (-2 + -1)/((-12)/120)?
0
Suppose 0 = -71*p + 70*p + 325. What is the units digit of p?
5
Suppose 8*c - 244 = 4*c. What is the tens digit of c?
6
Suppose 3*k = -a + 111, -a + k + 539 = 4*a. What is the units digit of a?
8
Suppose 0 = 19*n - 16*n - 642. What is the hundreds digit of n?
2
Let c(w) = -4*w**2 - 5*w + 11*w**2 - 4*w**2 + 3. What is the units digit of c(3)?
5
Let u be (-26)/(-6) + 2/(-6). Suppose 7 = u*g - 1. What is the units digit of g?
2
What is the hundreds digit of (2/(-5))/(13/(-8255))?
2
Let l(j) = j**3 - 7*j**2 + 3*j + 8. What is the tens digit of l(8)?
9
Suppose -3*n + 3*b = -21, 0*n + 9 = -n + 5*b. What is the units digit of n?
1
Let a = 0 - -5. Suppose -a*y + 36 = -y. What is the units digit of y?
9
Let p(y) be the second derivative of -51*y**5/10 - y**3/3 - y**2/2 + 3*y. Let b be p(-1). Suppose -b = -5*s - 23. What is the tens digit of s?
1
Let l = 11 - 10. What is the units digit of (-10)/(2/(-2)*l)?
0
Let u(t) = -t**3 - 6*t**2 - 8*t - 3. Suppose 0*w - 14 = -4*b + 2*w, 0 = 4*b + 4*w + 16. Let o = b - 6. What is the tens digit of u(o)?
1
Let y(w) = 2*w**2 - 3*w - 9. What is the units digit of y(-5)?
6
What is the units digit of 776/10*(-10)/(-4)?
4
Let c(d) = 3*d**2 - 15*d + 2. Let v(l) = -l**2 + 7*l - 1. Let u = -3 - -1. Let x(j) = u*c(j) - 5*v(j). What is the units digit of x(-4)?
5
Let p be (-12)/((-3)/(-4 + 1)). Let s be ((-9)/p)/((-2)/(-8)). Let r(x) = x**2 + x - 2. What is the tens digit of r(s)?
1
Let s = 9 + -9. Suppose 4*q - 6*q + 40 = s. What is the units digit of q?
0
Let l = 2 - -43. What is the units digit of l?
5
Let d be 1/(-3) + (-209)/(-33). Let l = -2 + d. What is the units digit of l?
4
Let y = 8 - 4. Suppose 16 + 12 = y*n. What is the units digit of n?
7
Suppose 42 + 98 = 4*n. What is the tens digit of n?
3
Let b = -19 + 12. Let f = 14 + b. What is the units digit of f?
7
Let x(u) = u + 6. Let k be x(-3). Suppos